*d + 21*d + 6. What are the prime factors of z(-5)?
3, 7
Let c(j) = -j**3 + 4*j**2 + 2*j - 4. Let i be c(4). Let o be 46/(-4)*(-32 + 22). Suppose t - o = -i*t. List the prime factors of t.
23
Let m = 47 - 18. What are the prime factors of m?
29
Let n(b) = 6*b**2 + 2*b - 8. What are the prime factors of n(2)?
2, 5
Let d(x) = x**3 - 11*x**2 + 15*x - 15. List the prime factors of d(10).
5, 7
Suppose -4*f = -2*l - 7 - 9, 2*f = -5*l - 16. Suppose 80 = f*y + n, 7*y - 2*y - 202 = -3*n. What are the prime factors of y?
2, 19
Let f(k) = k**3 - 2*k**2 - 4*k - 1. Let b be f(4). Let c = 6 - 1. Suppose -o + b = c. List the prime factors of o.
2, 5
Let f(v) = -v**2 + v + 3. Let t be f(0). Let n(m) = -m + 5. Let w be n(t). List the prime factors of (-1)/w - 63/(-6).
2, 5
Let w be (-2672)/(-20) - 9/15. Suppose 0 = -0*y - 3*y + c + 79, -5*y + w = -2*c. List the prime factors of y.
5
Let t be (-2 - (-1 - 2))*-5. Let p be (-29)/t - (-1)/5. Suppose -z = -p*z + 25. What are the prime factors of z?
5
Let w(x) = x + 1. Let b be w(-3). List the prime factors of b + (-16)/(-2) + 2.
2
Let u = 16 - 11. List the prime factors of u.
5
Let i = 81 + 6. Suppose -2*s + 0*h = 2*h - 36, h - i = -4*s. Let u = -12 + s. What are the prime factors of u?
11
Let p(x) = -x**3 + 10*x**2 + 4*x - 3. Let a be p(10). Suppose 2*m - a = -11. What are the prime factors of m?
13
Let l be (-14)/(-3) + (-1)/(-3). Suppose -195 = -5*o + 3*z - 0*z, 0 = -4*o - z + 139. Suppose 4*f - k - 1 = 30, l*k = 3*f - o. What are the prime factors of f?
7
Let w = 6 - 5. Suppose -d + w = -5*q - 3, -16 = 2*q - 4*d. Suppose 0 = -v - q*v - 4*y - 7, -25 = 5*y. What are the prime factors of v?
13
Suppose -8*r = -r - 574. List the prime factors of r.
2, 41
Let i(a) = -a**2 - 7*a + 7. Let c = -6 + 0. What are the prime factors of i(c)?
13
Let f = -13 - -2. Let l = -6 - f. Suppose -l*w + 2*w + 57 = 0. List the prime factors of w.
19
Let u(k) be the third derivative of k**6/120 - k**5/60 + k**4/24 - 7*k**3/6 - k**2. What are the prime factors of u(3)?
2, 7
Let n(u) = 8*u - 1. Let g be n(-4). Suppose -4*z = -2*f + 4*f + 50, 0 = 3*f + 3. Let q = z - g. List the prime factors of q.
3, 7
Suppose 0 = -d + 5*a + 6 + 6, -2*d = 3*a + 2. Suppose -o + 100 = o. Suppose d*c + 3*c = o. List the prime factors of c.
2, 5
Let x = 45 + 44. List the prime factors of x.
89
Suppose 3*s - 5 = 61. What are the prime factors of s?
2, 11
Let i = 13 - -39. What are the prime factors of i?
2, 13
Let t(m) = m**3 - 8*m**2 - 8*m - 5. Let x be t(9). Suppose -x*b = -b - 33. Let v = 22 - b. List the prime factors of v.
11
Suppose -4*g + g + 210 = 0. List the prime factors of g.
2, 5, 7
Let k = -6 - -2. Let n = 0 + 7. Let z = n + k. List the prime factors of z.
3
Let n be 14/(-4) - (-7)/(-14). Let m be 9/6*n/1. What are the prime factors of (-9)/m - 1/(-2)?
2
Let i be (-8)/(-3) - 1/(-3). What are the prime factors of 8/(i + 4/(-2))?
2
Let j = 79 + -42. What are the prime factors of j?
37
Suppose -2*t - 2*g = -4, -4*t - 2*g - 17 = -9*t. Suppose -7 = -5*s + t. Suppose 5*x = s*r - 3*r - 20, 10 = 4*r + 2*x. What are the prime factors of r?
5
Let h = -182 + 323. What are the prime factors of h?
3, 47
Let l be (-8 + 3)*6/(-10). Suppose -s - l*s = 32. Let h(y) = -y**3 - 7*y**2 + 7*y - 6. List the prime factors of h(s).
2
Let v(g) = 3*g**2 - 12*g - 1. Let d(j) = -8*j**2 + 35*j + 3. Let b(o) = 4*d(o) + 11*v(o). Let p be b(-6). Let k = 22 + p. What are the prime factors of k?
11
Let t be (-6)/(-10) + 6/(-10). Suppose -3 = -4*x + u, 2*x - 6*u + u + 21 = t. Suppose 0 = -4*v - x + 22. List the prime factors of v.
5
Let g(n) = 3*n + 1. Let v(w) = -1. Let m(z) = g(z) - 2*v(z). List the prime factors of m(7).
2, 3
Let b(w) = -33*w - 40. List the prime factors of b(-3).
59
Let d = 58 - 32. Suppose -s = -5*v + 4, -4*s + 0*v = v - d. List the prime factors of s.
2, 3
What are the prime factors of (-982)/(-7) - ((-231)/49 - -5)?
2, 5, 7
Suppose 4*f + 17 = 4*t + f, 4*f = 4. Suppose 15 = 3*z - 5*p, 0 = -2*z - 0*p + 5*p + t. Let k = z - 4. What are the prime factors of k?
2, 3
Suppose 3 = 2*c + 1. Let y = 3 + c. Suppose 0 = y*a - 42 - 26. List the prime factors of a.
17
Suppose -9 = -4*d - 5*g, -3*g + 2 = -1. Let l be 1*(1 - 0) - d. Suppose -5*n + l = -15. List the prime factors of n.
3
Suppose 2*s + s = 216. What are the prime factors of s?
2, 3
Let v(o) = 2*o. Let y be v(2). Suppose x + 4*k = 12, -y*x + 14 = k - 4. Let z(u) = 4*u - 4. List the prime factors of z(x).
2, 3
What are the prime factors of 18/8*1584/27?
2, 3, 11
Suppose -9 = 4*r - r, 5*a = 2*r + 31. Let u be (2*-1*a)/1. Let t = -5 - u. What are the prime factors of t?
5
Suppose 0 = 2*i - 2 - 2. Suppose -20 = -5*x, i*v - 5*x + 2*x = 32. Suppose 0 = 4*u - 4, -5*z + u = -2*u - v. What are the prime factors of z?
5
Suppose -4*x + u = -16, 2*u + 4 = x + 3*u. Let q(g) = 4*g**2 + 5 + 2 + g + 2*g**3 - 3*g**3 - 5. What are the prime factors of q(x)?
2, 3
Let u = 288 - 201. Let w = u + -47. What are the prime factors of w?
2, 5
Let v(t) = 8*t. Let y be v(1). Suppose -3 + 15 = 2*h + 3*k, 0 = 4*k - y. Suppose h*m + m = 20. What are the prime factors of m?
5
Let u(v) = -2*v + 3. Suppose -l + 1 = 4*a - 0, -3*l = 2*a + 7. What are the prime factors of u(l)?
3
Suppose -5*x = 5*v - v - 918, 5*v - 192 = -x. List the prime factors of x.
2, 7, 13
Let w = 12 + -8. Suppose 19 = 2*z - b - 10, -3*b - 63 = -w*z. List the prime factors of z.
2, 3
Let w be (-2 - -1)/((-4)/(-4)). Let h be w - (-8 - -2 - -3). Suppose -55 = -7*b + h*b. List the prime factors of b.
11
Suppose -o = -3 + 15. Let m = o - -24. What are the prime factors of m?
2, 3
Let u(p) = p**2 + p**2 - 1 - 3*p**2 + 4*p. Let g be u(3). Suppose 3*w + r - 32 = 0, w + 0*r = g*r + 6. List the prime factors of w.
2, 5
Let s(r) = -23*r - 1. What are the prime factors of s(-1)?
2, 11
Suppose 0 = -3*r + 8*r. Suppose -2*i + 32 = 3*f, -3*i + 42 = -r*f + 3*f. List the prime factors of i.
2, 5
What are the prime factors of 11/2*(0 - -6)?
3, 11
Let a(y) = -y. Let k be a(-1). Let b be k/(-2) + 26/4. Suppose -w = -v - b, -w + 12 = w + 5*v. List the prime factors of w.
2, 3
Suppose 0 = -5*i + 3*l + 122, 3*i = -0*i - 2*l + 77. List the prime factors of i.
5
Suppose -2 + 5 = y. Suppose -y + 51 = 4*n. What are the prime factors of 2*3/n*4?
2
Suppose 0 = 3*z - 4*u + 1, -21 = -5*z + u - 0*u. Suppose z*b + 1 - 6 = 0, 0 = -4*c + 2*b + 58. List the prime factors of c.
3, 5
What are the prime factors of 3910/18 - 1 - 40/180?
2, 3
Let b(f) = -f**3 + 7*f**2 + 3*f + 6. What are the prime factors of b(-5)?
3, 97
Let p(c) = -c**2 - 6*c. Let a be p(-5). Let n be 0/(-1) - (-15)/a. Suppose -n*o + 14 = 2*o + 2*w, 3*o = -2*w + 10. List the prime factors of o.
2
Let j be 12/4*-1 + 4. Let h(s) = 32*s**3 + 2*s - 1. List the prime factors of h(j).
3, 11
Let b = 306 - 105. List the prime factors of b.
3, 67
Let v(z) = -z**2 - 10*z + 6. List the prime factors of v(-9).
3, 5
Let s(a) = a**3 - 3*a**2 + 2*a + 2. Let r be 1*-6*(-1)/2. List the prime factors of s(r).
2
Suppose 2*h + 0*h = -4*q + 8, -4*q + 5*h + 22 = 0. Suppose 2*p - q - 1 = 0. Suppose -p*j = 2*c - 4, -10 = 4*c + 6. List the prime factors of j.
2, 3
Let i(t) = -t**2 + 12*t. Let r be i(5). Suppose 10 = 3*m - r. What are the prime factors of m?
3, 5
Suppose j + 2*y = 89, j = 4*j - y - 232. List the prime factors of j.
79
Let v(u) = u**2 + u - 2. Let l be v(2). List the prime factors of 54/l - (-1)/(-2).
13
Let z(b) = -6*b + 3 + 5*b - 1. Suppose 5*r + 42 = 2*u + u, u = 4. What are the prime factors of z(r)?
2
Let q(i) = -i**3 - i**2 + 45. Let l be q(0). Suppose -l - 3 = -2*u. List the prime factors of u.
2, 3
Let h = -13 + 35. What are the prime factors of h?
2, 11
Let l(y) = -y**2 + 5*y - 7. Let f be l(5). Let o = 0 + f. List the prime factors of (-5)/(5/(-2)) - o.
3
Let g(r) = -8*r. Let a = -25 - -21. What are the prime factors of g(a)?
2
Let g = 1 + -1. List the prime factors of 1/(g + (-3)/(-9)).
3
Let x(q) be the first derivative of 3*q**2/2 - 5*q + 4. Let b = 18 + -13. What are the prime factors of x(b)?
2, 5
Suppose 6*d - 107 = 3*d - 4*q, -4*d = q - 134. What are the prime factors of d?
3, 11
Suppose -2*i - 100 = -q - 6*i, 5*q - 420 = -4*i. What are the prime factors of q?
2, 5
Let t = -82 + 115. Suppose -24 = -3*y + t. What are the prime factors of